{"id":568,"date":"2019-07-12T20:23:31","date_gmt":"2019-07-12T20:23:31","guid":{"rendered":"https:\/\/www.performaempleo.com\/?page_id=568"},"modified":"2020-09-14T00:11:26","modified_gmt":"2020-09-14T00:11:26","slug":"novedades","status":"publish","type":"page","link":"https:\/\/www.performaempleo.com\/?page_id=568","title":{"rendered":"NOVEDADES"},"content":{"rendered":"<p>[et_pb_section fb_built=&#8221;1&#8243; _builder_version=&#8221;3.17.2&#8243; background_image=&#8221;https:\/\/www.performaempleo.com\/wp-content\/uploads\/2019\/07\/luca-bravo-alS7ewQ41M8-unsplash.jpg&#8221; custom_padding=&#8221;36px|0px|0|0px|false|false&#8221;][et_pb_row custom_padding=&#8221;33px|0|25px|0px|false|false&#8221; _builder_version=&#8221;3.17.2&#8243; module_alignment=&#8221;center&#8221;][et_pb_column type=&#8221;4_4&#8243; _builder_version=&#8221;3.17.2&#8243; parallax=&#8221;off&#8221; parallax_method=&#8221;on&#8221;][et_pb_text _builder_version=&#8221;3.17.2&#8243; text_font=&#8221;Aguafina Script||||||||&#8221; text_font_size=&#8221;19px&#8221; header_font=&#8221;Actor||||||||&#8221; header_text_color=&#8221;#0c71c3&#8243; header_font_size=&#8221;42px&#8221;]<\/p>\n<h1 style=\"text-align: center\"><strong><span style=\"color: #ff6600\">CAPACITA\u00a0<\/span> A TUS EMPLEADOS CON NOSOTROS<\/strong><\/h1>\n<p>[\/et_pb_text][et_pb_text _builder_version=&#8221;3.17.2&#8243; text_font=&#8221;Cabin|700|||||||&#8221;]<\/p>\n<p style=\"text-align: center\">Hoy en d\u00eda es muy importante que las empresas capaciten\u00a0 su personal, con el fin de recrear un ambiente laboral m\u00e1s sano, muchas empresas olvidan ejecutar estas actividades y es cuando empiezan a surgir problemas de comunicaci\u00f3n y productividad con el equipo de trabajo. Para evitar el bajo desempe\u00f1o de los empleados las organizaciones deben de realizar estas actividades, para que los empleados logren superarse dentro de la empresa.<\/p>\n<p>[\/et_pb_text][\/et_pb_column][\/et_pb_row][et_pb_row custom_padding=&#8221;0|0px|0|0px|false|false&#8221; _builder_version=&#8221;3.17.2&#8243;][et_pb_column type=&#8221;4_4&#8243; _builder_version=&#8221;3.17.2&#8243; parallax=&#8221;off&#8221; parallax_method=&#8221;on&#8221;][et_pb_image src=&#8221;https:\/\/www.performaempleo.com\/wp-content\/uploads\/2020\/05\/Capacitate-desde-casa-4.jpg&#8221; show_in_lightbox=&#8221;on&#8221; force_fullwidth=&#8221;on&#8221; _builder_version=&#8221;3.17.2&#8243; animation_style=&#8221;zoom&#8221;][\/et_pb_image][\/et_pb_column][\/et_pb_row][et_pb_row custom_padding=&#8221;88px|0|25px|0px|false|false&#8221; _builder_version=&#8221;3.17.2&#8243; module_alignment=&#8221;center&#8221;][et_pb_column type=&#8221;4_4&#8243; _builder_version=&#8221;3.17.2&#8243; parallax=&#8221;off&#8221; parallax_method=&#8221;on&#8221;][et_pb_text _builder_version=&#8221;3.17.2&#8243; text_font=&#8221;Aguafina Script||||||||&#8221; text_font_size=&#8221;82px&#8221; text_letter_spacing=&#8221;12px&#8221; text_line_height=&#8221;2.4em&#8221; header_font=&#8221;Actor||||||||&#8221; header_text_color=&#8221;#0c71c3&#8243; header_font_size=&#8221;75px&#8221; animation_style=&#8221;roll&#8221;]<\/p>\n<h1 style=\"text-align: center;\"><strong><span style=\"color: #ff6600;\"><span style=\"color: #000000;\">CORONA<\/span> <span style=\"color: #33cccc;\">VIRUS<\/span><\/span><\/strong><\/h1>\n<p>[\/et_pb_text][et_pb_text _builder_version=&#8221;3.17.2&#8243; text_font=&#8221;Cabin|700|||||||&#8221; text_font_size=&#8221;38px&#8221; text_letter_spacing=&#8221;4px&#8221; header_font=&#8221;||||||||&#8221; header_font_size=&#8221;33px&#8221; animation_style=&#8221;flip&#8221;]<\/p>\n<p style=\"text-align: center;\"><span style=\"color: #ff0000;\">#QuedateEnCasa<\/span><\/p>\n<p>[\/et_pb_text][\/et_pb_column][\/et_pb_row][et_pb_row make_fullwidth=&#8221;on&#8221; custom_padding=&#8221;57px|0|60px|0px|false|false&#8221; _builder_version=&#8221;3.17.2&#8243;][et_pb_column type=&#8221;1_3&#8243; _builder_version=&#8221;3.17.2&#8243; parallax=&#8221;off&#8221; parallax_method=&#8221;on&#8221;][et_pb_image src=&#8221;https:\/\/www.performaempleo.com\/wp-content\/uploads\/2020\/05\/47-formas-de-trabajar-en-casa.jpg&#8221; show_in_lightbox=&#8221;on&#8221; force_fullwidth=&#8221;on&#8221; _builder_version=&#8221;3.17.2&#8243; animation_style=&#8221;zoom&#8221;][\/et_pb_image][\/et_pb_column][et_pb_column type=&#8221;1_3&#8243; _builder_version=&#8221;3.17.2&#8243; parallax=&#8221;off&#8221; parallax_method=&#8221;on&#8221;][et_pb_image src=&#8221;https:\/\/www.performaempleo.com\/wp-content\/uploads\/2020\/05\/Corono-virus-1.jpg&#8221; show_in_lightbox=&#8221;on&#8221; force_fullwidth=&#8221;on&#8221; _builder_version=&#8221;3.17.2&#8243; animation_style=&#8221;zoom&#8221;][\/et_pb_image][et_pb_image src=&#8221;https:\/\/www.performaempleo.com\/wp-content\/uploads\/2020\/05\/Corono-virus-3.jpg&#8221; show_in_lightbox=&#8221;on&#8221; force_fullwidth=&#8221;on&#8221; _builder_version=&#8221;3.17.2&#8243; animation_style=&#8221;zoom&#8221;][\/et_pb_image][\/et_pb_column][et_pb_column type=&#8221;1_3&#8243; _builder_version=&#8221;3.17.2&#8243; parallax=&#8221;off&#8221; parallax_method=&#8221;on&#8221;][et_pb_image src=&#8221;https:\/\/www.performaempleo.com\/wp-content\/uploads\/2020\/05\/Corono-virus-2-1.jpg&#8221; show_in_lightbox=&#8221;on&#8221; force_fullwidth=&#8221;on&#8221; _builder_version=&#8221;3.17.2&#8243; animation_style=&#8221;zoom&#8221;][\/et_pb_image][\/et_pb_column][\/et_pb_row][\/et_pb_section]<\/p>\n","protected":false},"excerpt":{"rendered":"<p>[et_pb_section fb_built=&#8221;1&#8243; _builder_version=&#8221;3.17.2&#8243; background_image=&#8221;https:\/\/www.performaempleo.com\/wp-content\/uploads\/2019\/07\/luca-bravo-alS7ewQ41M8-unsplash.jpg&#8221; custom_padding=&#8221;36px|0px|0|0px|false|false&#8221;][et_pb_row custom_padding=&#8221;33px|0|25px|0px|false|false&#8221; _builder_version=&#8221;3.17.2&#8243; module_alignment=&#8221;center&#8221;][et_pb_column type=&#8221;4_4&#8243; _builder_version=&#8221;3.17.2&#8243; parallax=&#8221;off&#8221; parallax_method=&#8221;on&#8221;][et_pb_text _builder_version=&#8221;3.17.2&#8243; text_font=&#8221;Aguafina Script||||||||&#8221; text_font_size=&#8221;19px&#8221; header_font=&#8221;Actor||||||||&#8221; header_text_color=&#8221;#0c71c3&#8243; header_font_size=&#8221;42px&#8221;] CAPACITA\u00a0 A TUS EMPLEADOS CON NOSOTROS [\/et_pb_text][et_pb_text _builder_version=&#8221;3.17.2&#8243; text_font=&#8221;Cabin|700|||||||&#8221;] Hoy en d\u00eda es muy importante que las empresas capaciten\u00a0 su personal, con el fin de recrear un ambiente laboral m\u00e1s sano, muchas empresas olvidan ejecutar estas [&hellip;]<\/p>\n","protected":false},"author":2,"featured_media":0,"parent":0,"menu_order":0,"comment_status":"closed","ping_status":"closed","template":"","meta":[],"yoast_head":"<!-- This site is optimized with the Yoast SEO plugin v14.9 - https:\/\/yoast.com\/wordpress\/plugins\/seo\/ -->\n<title>NOVEDADES &laquo; Performa Empleo<\/title>\n<meta name=\"robots\" content=\"noindex, follow, max-snippet:-1, max-image-preview:large, max-video-preview:-1\" \/>\n<meta property=\"og:locale\" content=\"es_ES\" \/>\n<meta property=\"og:type\" content=\"article\" \/>\n<meta property=\"og:title\" content=\"NOVEDADES &laquo; Performa Empleo\" \/>\n<meta property=\"og:description\" content=\"[et_pb_section fb_built=&#8221;1&#8243; _builder_version=&#8221;3.17.2&#8243; background_image=&#8221;https:\/\/www.performaempleo.com\/wp-content\/uploads\/2019\/07\/luca-bravo-alS7ewQ41M8-unsplash.jpg&#8221; custom_padding=&#8221;36px|0px|0|0px|false|false&#8221;][et_pb_row custom_padding=&#8221;33px|0|25px|0px|false|false&#8221; _builder_version=&#8221;3.17.2&#8243; module_alignment=&#8221;center&#8221;][et_pb_column type=&#8221;4_4&#8243; _builder_version=&#8221;3.17.2&#8243; parallax=&#8221;off&#8221; parallax_method=&#8221;on&#8221;][et_pb_text _builder_version=&#8221;3.17.2&#8243; text_font=&#8221;Aguafina Script||||||||&#8221; text_font_size=&#8221;19px&#8221; header_font=&#8221;Actor||||||||&#8221; header_text_color=&#8221;#0c71c3&#8243; header_font_size=&#8221;42px&#8221;] CAPACITA\u00a0 A TUS EMPLEADOS CON NOSOTROS [\/et_pb_text][et_pb_text _builder_version=&#8221;3.17.2&#8243; text_font=&#8221;Cabin|700|||||||&#8221;] Hoy en d\u00eda es muy importante que las empresas capaciten\u00a0 su personal, con el fin de recrear un ambiente laboral m\u00e1s sano, muchas empresas olvidan ejecutar estas [&hellip;]\" \/>\n<meta property=\"og:url\" content=\"https:\/\/www.performaempleo.com\/?page_id=568\" \/>\n<meta property=\"og:site_name\" content=\"Performa Empleo\" \/>\n<meta property=\"article:publisher\" content=\"https:\/\/es-la.facebook.com\/herosoluciones\/\" \/>\n<meta property=\"article:modified_time\" content=\"2020-09-14T00:11:26+00:00\" \/>\n<meta name=\"twitter:card\" content=\"summary_large_image\" \/>\n<script type=\"application\/ld+json\" class=\"yoast-schema-graph\">{\"@context\":\"https:\/\/schema.org\",\"@graph\":[{\"@type\":\"Organization\",\"@id\":\"https:\/\/www.performaempleo.com\/#organization\",\"name\":\"Performa Empleo\",\"url\":\"https:\/\/www.performaempleo.com\/\",\"sameAs\":[\"https:\/\/es-la.facebook.com\/herosoluciones\/\",\"https:\/\/www.linkedin.com\/company\/18165688\/admin\/\"],\"logo\":{\"@type\":\"ImageObject\",\"@id\":\"https:\/\/www.performaempleo.com\/#logo\",\"inLanguage\":\"es\",\"url\":\"https:\/\/www.performaempleo.com\/wp-content\/uploads\/2019\/06\/new-web.jpg\",\"width\":500,\"height\":387,\"caption\":\"Performa Empleo\"},\"image\":{\"@id\":\"https:\/\/www.performaempleo.com\/#logo\"}},{\"@type\":\"WebSite\",\"@id\":\"https:\/\/www.performaempleo.com\/#website\",\"url\":\"https:\/\/www.performaempleo.com\/\",\"name\":\"Performa Empleo\",\"description\":\"Identificadores del talento humano\",\"publisher\":{\"@id\":\"https:\/\/www.performaempleo.com\/#organization\"},\"potentialAction\":[{\"@type\":\"SearchAction\",\"target\":\"https:\/\/www.performaempleo.com\/?s={search_term_string}\",\"query-input\":\"required name=search_term_string\"}],\"inLanguage\":\"es\"},{\"@type\":\"WebPage\",\"@id\":\"https:\/\/www.performaempleo.com\/?page_id=568#webpage\",\"url\":\"https:\/\/www.performaempleo.com\/?page_id=568\",\"name\":\"NOVEDADES &laquo; Performa Empleo\",\"isPartOf\":{\"@id\":\"https:\/\/www.performaempleo.com\/#website\"},\"datePublished\":\"2019-07-12T20:23:31+00:00\",\"dateModified\":\"2020-09-14T00:11:26+00:00\",\"inLanguage\":\"es\",\"potentialAction\":[{\"@type\":\"ReadAction\",\"target\":[\"https:\/\/www.performaempleo.com\/?page_id=568\"]}]}]}<\/script>\n<!-- \/ Yoast SEO plugin. -->","_links":{"self":[{"href":"https:\/\/www.performaempleo.com\/index.php?rest_route=\/wp\/v2\/pages\/568"}],"collection":[{"href":"https:\/\/www.performaempleo.com\/index.php?rest_route=\/wp\/v2\/pages"}],"about":[{"href":"https:\/\/www.performaempleo.com\/index.php?rest_route=\/wp\/v2\/types\/page"}],"author":[{"embeddable":true,"href":"https:\/\/www.performaempleo.com\/index.php?rest_route=\/wp\/v2\/users\/2"}],"replies":[{"embeddable":true,"href":"https:\/\/www.performaempleo.com\/index.php?rest_route=%2Fwp%2Fv2%2Fcomments&post=568"}],"version-history":[{"count":21,"href":"https:\/\/www.performaempleo.com\/index.php?rest_route=\/wp\/v2\/pages\/568\/revisions"}],"predecessor-version":[{"id":1281,"href":"https:\/\/www.performaempleo.com\/index.php?rest_route=\/wp\/v2\/pages\/568\/revisions\/1281"}],"wp:attachment":[{"href":"https:\/\/www.performaempleo.com\/index.php?rest_route=%2Fwp%2Fv2%2Fmedia&parent=568"}],"curies":[{"name":"wp","href":"https:\/\/api.w.org\/{rel}","templated":true}]}}